50 = 0, 8*f = 4*u + 13*f - 13219. List the prime factors of u.
7, 11, 43
Let v be 1 + 24 + (5 - 3). Let s be (-3 + v/6)*4. What are the prime factors of 3*(-124)/s*-1?
2, 31
Let y = 561 + 1014. What are the prime factors of (-25)/(y/(-162))*140/3?
2, 3, 5
Let x(u) = -u**3 + 13*u**2 + u + 9. Let y(t) = t**3 - 5*t**2 - 3*t + 3. Let q be y(6). Let d = -8 + q. What are the prime factors of x(d)?
2, 11
Let u be (-10 + 12)*(-6)/(-4). Let j(q) = q**u - 8 - 17*q + 0*q**2 - 7*q**2 + 26*q. What are the prime factors of j(6)?
2, 5
Suppose 5*l = -4*n - 204, 4*n + l + 176 = 3*l. Let q = 31 + n. Let w = 44 + q. List the prime factors of w.
29
Suppose -2*o + 100 = 2*o. Suppose -2*w - 3*w = -o. List the prime factors of w.
5
Let z = -384 - -2792. List the prime factors of z.
2, 7, 43
Let j(s) = 2 + 28*s**2 + 4*s**3 - 5*s**3 - 10*s**2. Let t be j(18). What are the prime factors of (t - (-37)/(-5))*-5?
3
What are the prime factors of (0 + -1)/(3/(-3681))?
3, 409
Let k = 385 - -220. What are the prime factors of k?
5, 11
Let j(y) = 2*y**2 - 37*y + 217. List the prime factors of j(40).
13, 149
Suppose 0 = 44*b - 45*b - 4, 2*u - 1104 = 5*b. List the prime factors of u.
2, 271
List the prime factors of (67080/28)/10 + 8/(-14).
239
Suppose 2*y = 4*y. Let t = -119 + 124. Suppose y = -t*i - 38 + 138. List the prime factors of i.
2, 5
Let h be -115*(-4 - (-115)/25). Let s = h + 103. What are the prime factors of s?
2, 17
Suppose -2*c - 3*c + 45 = 0. Let s = c + -2. Suppose 0 = b - 27 - s. List the prime factors of b.
2, 17
Let d be 74/12 + (-4)/24. Suppose -4*f - 32 = -d*c + 2*c, 0 = f - 4*c + 5. Let n = f - -40. List the prime factors of n.
31
Suppose 25*x + 105*x - 108420 = 0. What are the prime factors of x?
2, 3, 139
List the prime factors of 24/(-36) + (-2110)/(-15).
2, 5, 7
List the prime factors of (515/(-2))/(4/(-32)*4).
5, 103
Suppose -5*h + 7 + 3 = 0. Suppose 5*p - 2*p - 4*g - 132 = 0, h*p = 2*g + 88. List the prime factors of p.
2, 11
Suppose 11*n - 6*n + 1070 = 3*l, -6 = -3*n. What are the prime factors of l?
2, 3, 5
What are the prime factors of (-37345)/(-44) + (-7)/4?
7, 11
Let v(u) = -u. Let m(b) = 2 + b**2 + 3*b + 13*b + 0. Let a(d) = m(d) + 4*v(d). What are the prime factors of a(-12)?
2
Suppose 5*x - 2*c = 977, 3*x - 5*c + 206 = 796. List the prime factors of x.
3, 5, 13
Let f(j) = 2*j**2 - 22*j + 22. Let n be f(15). Suppose 0 = -3*d - 5*o + 175, 3*o - 6*o = -2*d + n. List the prime factors of d.
5, 13
Suppose -16 = -5*c - 81. Let x(z) = -3*z + 1. Let u be x(c). Suppose -121 = -3*o - u. List the prime factors of o.
3
Let m(x) = x**2 - 11*x + 8. Let u be m(6). Let d(r) = -3*r**2 + 3*r + 31. Let s be d(6). Let t = u - s. List the prime factors of t.
37
List the prime factors of 38/(-152) + (-2 - 16602/(-8)).
3, 691
Let n(r) = r**2 - 1. Let z(o) = -o**3 - 17*o**2 + 9*o - 6. Let k(m) = 4*n(m) + z(m). What are the prime factors of k(-14)?
2, 3, 5
Suppose -1230 = 4*o + 2*g, 5*o + 1541 - 5 = -2*g. What are the prime factors of (2/6)/((-2)/o)?
3, 17
Let k(t) be the second derivative of t**4/6 + 4*t**3/3 + 3*t**2/2 + 15*t. Suppose 0 = y - 0*y + 6. What are the prime factors of k(y)?
3
Let y = -28 + 31. List the prime factors of (12 - -29) + y*1.
2, 11
Suppose 0 = -2*r + 4*r + 46. Let o = r - -49. What are the prime factors of 3*(3 - o/(-6))?
2, 11
Suppose -69*c + 68*c = 4*p - 13555, 2*p - 6795 = 3*c. What are the prime factors of p?
2, 3, 5, 113
Let g be 27/6*8/(-6). Let q be (3/g)/(3/(-66)). What are the prime factors of q + (-1)/1*-3?
2, 7
Suppose -1 = 3*n - f, 4*n + 5*f + 8 = -6. Let w(t) = -232*t**3 + t**2 - 2*t - 2. List the prime factors of w(n).
233
Let w = -194 - -275. Suppose 0 = 4*p - 3*k - 18, -4*p = -3*k + 5*k - 8. Suppose -3*l + p = 0, w = 3*m + l - 91. What are the prime factors of m?
3, 19
Let t(u) = 39*u**2 - 37*u + 1. What are the prime factors of t(-7)?
13, 167
Suppose 48*i - 44*i - 316 = 0. Let m = i - 42. What are the prime factors of m?
37
Suppose -4516 = -4*o - b, -o + 4*o + 4*b = 3374. Suppose 929 = 4*w + n, -w + 6*w = 5*n + o. List the prime factors of w.
3, 7, 11
List the prime factors of 1020855/495 - 16/(-6).
5, 7, 59
List the prime factors of (-7)/(21/(-2070)) + 19 + -16.
3, 7, 11
What are the prime factors of -4*12/(-16) - (-559 + -2)?
2, 3, 47
Suppose 4*i = 3*g - 303, -4*g = 3*i - 2*i - 385. Let s = -58 + g. List the prime factors of s.
3, 13
Let u = 4242 + -2733. Suppose u = 9*k + 267. What are the prime factors of k?
2, 3, 23
Let h = 19 - 15. What are the prime factors of 134/h + 39/(-26)?
2
Let c be ((-26)/(-5))/(4/10). Let k = c + 13. Let d = 65 - k. What are the prime factors of d?
3, 13
Let c(i) = 4*i**2 + 139*i - 29. Let t be c(-35). Let r(q) = q. Let x be r(2). Let h = t + x. What are the prime factors of h?
2
Let p = -13 + 16. Let b(l) be the first derivative of l**3 - 3*l**2/2 + l - 2. List the prime factors of b(p).
19
Let w(l) = 2*l**2 + 3*l - 2. Let v(u) = -u**3 + 6*u**2 + 7*u + 5. Let p be v(7). Suppose b = -j + 1, 0 = 4*j - 4*b + p - 25. What are the prime factors of w(j)?
5
Suppose -1 + 2 = t - 2*g, 3*g - 18 = -5*t. Suppose 4*z + t*w + 13 = -0, -2*z - 3*w = 11. Let d(h) = -4*h**3 + h**2 - h - 1. What are the prime factors of d(z)?
5
Suppose 0 = x - w - 67, 3*x + 0*x + 2*w - 191 = 0. What are the prime factors of x?
5, 13
What are the prime factors of -763*((32 - 32) + 1 + -3)?
2, 7, 109
Suppose -3*g = -l + 323, g = -0*g - 4*l - 86. Let y = 156 + g. What are the prime factors of y?
2, 5
Let x be (17/34)/(2/(-16)). List the prime factors of 1/(-4) + 313*(-1)/x.
2, 3, 13
Let h(y) = y**2 - 6*y - 1. Let v be h(8). Let f = 10 - v. List the prime factors of (-258)/(-30) - (-3)/f.
2
Suppose 0 = -2*x + 5*p + 78 + 299, 3*x + 2*p - 556 = 0. What are the prime factors of x?
2, 3, 31
Suppose -5*z + 518 + 2582 = 0. List the prime factors of z.
2, 5, 31
Let m(d) = 2*d**2 + 33*d - 9. Let p be m(-16). What are the prime factors of p*((-52)/10 - -4)?
2, 3, 5
Let v(o) = o**2 - 15*o + 29. List the prime factors of v(27).
353
Let k = 1762 - 1233. What are the prime factors of k?
23
Suppose 0*n - 78 = -2*n. Let p = 92 + -92. Suppose 0 = -m - p*m - 5*b + 13, -4*b = -3*m + n. What are the prime factors of m?
13
What are the prime factors of (-5 - -10) + 1435 + 0?
2, 3, 5
Suppose 0 = 50*h - 43*h - 36540. What are the prime factors of h?
2, 3, 5, 29
Let b be (-1 + 331 - 1)*1. Let m = b - 197. List the prime factors of m.
2, 3, 11
Let c(s) = 22*s**2. Suppose 4*h - 33 = 3*g + 5, -2*h + 30 = 4*g. Let u = h - 12. List the prime factors of c(u).
2, 11
Suppose 16 - 18 = -o. Suppose 16 = -o*c + 4*c. What are the prime factors of c?
2
Suppose 0 = 3*x + c + 11, c = 2*x + 3*c + 6. List the prime factors of (-10616)/(-40) + x*3/30.
5, 53
Let j = -10 - -15. Suppose 0 = i - 0*o - 2*o + 3, -j*o + 11 = -2*i. Suppose i*q + 56 = 9*q. List the prime factors of q.
2, 7
List the prime factors of (-9 - (-306)/17)*2060/6.
2, 3, 5, 103
Suppose -z + 2226 = 3*a, -5*a + 3718 = -21*z + 20*z. List the prime factors of a.
743
Let d = -65 - -66. List the prime factors of -123*(-3 + 1 + d).
3, 41
Let w = 41 - 36. Suppose -s = w*v - 63, 3*s - 119 = -v - 0*v. List the prime factors of s.
2, 19
Let w = -25 + 38. Suppose -8*j - 19 = -131. Suppose -j = -d + w. List the prime factors of d.
3
Let s be -1075*(-3 - 8/(-4)). Suppose q - s = -4*q. List the prime factors of q.
5, 43
Let u be 2 - (500/8 - -1)*-2. Suppose x = 2*x - u. List the prime factors of x.
3, 43
Suppose 0 = 281*f - 284*f + 1386. List the prime factors of f.
2, 3, 7, 11
Suppose -4*k + 65 - 49 = 0. Suppose -3*w - 70 = -k*w. List the prime factors of w.
2, 5, 7
Let q be (2 - 12/8)*0. Suppose 7*y = -q*y + 63. List the prime factors of (y/5)/((-2)/(-30)).
3
Let z(u) = -109*u - 564. List the prime factors of z(-19).
11, 137
Suppose 1 = 5*n + 6. Let h be (n/2)/(2/24). List the prime factors of h/((-7)/(63/6)).
3
Let x be 10420/(-6)*6/(-5). Let s be (-22)/(-99) - x/(-18). Suppose 166 + s = 6*d. List the prime factors of d.
47
Suppose -q - 3 - 3 = 3*m, m = -2. Let a(j) = -8*j + 91. Let h be a(11). Suppose 5*t - h*r - 242 = q, -3*r - r = 2*t - 102. What are the prime factors of t?
7
Let h be (-7 + 13)/(6/(-4)). Let l be h/(-16)*4 + 11. What are the prime factors of 2/6 - (-392)/l?
3, 11
Let x(t) = 65*t**2 - 14*t + 